5 + 3 - -14).
9
-7 + (10 + -6 - (-1 - -1))
-3
What is 0 - (5 - (11 + -7 - 6))?
-7
Calculate -1 + (7 - (3 + 2)) + -3.
-2
What is -23 + 24 - ((6 - 2) + 1)?
-4
Calculate (7 - (0 - -4)) + -1.
2
(-1 - 0 - (3 - -1)) + 5
0
What is the value of -8 + 10 + -7 + 4?
-1
Calculate -6 + (3 - (-1 + 2)).
-4
-6 + 3 + (-2 - (2 + -5))
-2
(-17 - -11) + (3 - (-1 + 1))
-3
What is the value of (7 - -4) + -3 - 5?
3
Evaluate (5 - 0 - -2) + -4.
3
What is the value of 2 + 0 + (-35 - -27)?
-6
Evaluate -18 + 15 - (1 + (-1 - 3)).
0
Evaluate -66 - -61 - ((1 - 0) + 0).
-6
Evaluate -5 + (4 - 8) + 12.
3
Calculate (-8 - -5) + -1 + (2 - 3).
-5
Evaluate 2 + 5 - (2 + 0 - 0).
5
What is the value of (-4 - (-6 + 3 - 4)) + 6?
9
What is 1 - 1 - (18 + -19)?
1
What is the value of -6 - (4 + (2 + -5 - 3))?
-4
1 + (2 - (3 + -2 - -1))
1
What is the value of (-8 - -14) + -4 - -7?
9
-2 + -2 + 4 + 5
5
Calculate (-5 - (-3 - 4)) + -2 + -1.
-1
What is (-1 - -1) + -2 - -5?
3
Calculate 2 + (8 - 9) + (0 - 4).
-3
(-5 - (6 - 7)) + 12 + -2
6
What is the value of -63 + 67 + (-1 - (2 + 1))?
0
Calculate -2 - 0 - (-12 + 7 + 11).
-8
What is the value of (85 - 84) + 1 + -8?
-6
2 - 3 - (16 + (3 - 10))
-10
Calculate 4 + 1 - (74 + -72).
3
Evaluate 12 + (-15 - -5) - (0 + -5).
7
Evaluate 4 + -2 + (-2 - -3) + -3.
0
Calculate (-1 - 2) + -2 + 3 + 0.
-2
Evaluate (5 - (4 + 0)) + -1.
0
What is (2 - 0) + -1 + (38 - 38)?
1
Evaluate 22 + -27 + (7 - (-3 + 0)).
5
(3 - -1) + 48 + -48
4
What is the value of -1 + 0 + -6 + 2 - -6?
1
Evaluate -4 + 5 - 6 - -5.
0
Calculate (-2 - (4 - 4)) + (4 - 2).
0
What is the value of (3 - 3) + (0 - -1 - -3)?
4
Calculate -5 + 3 + 5 + -8.
-5
Evaluate -4 - 1 - (6 - 8).
-3
Evaluate 5 + (5 + -5 - 1) + -3.
1
What is the value of (4 - (-4 + 4 + 0)) + -8?
-4
What is 15 + 1 - (-168 - -175)?
9
0 + 1 + -1 + 8 + -3
5
What is the value of -3 + 1 + 1 + 7?
6
5 + -2 - -1 - 4
0
What is -10 + (4 + 0 - -13)?
7
Calculate 11 - (-1 + (11 - 4) + -2).
7
What is the value of -2 - (5 + (1 + -3 - 13))?
8
Evaluate 16 + -9 + (4 - 16).
-5
Calculate 6 + -2 - 10 - -5.
-1
Evaluate 4 - 5 - ((-2 - -3) + -5).
3
(3 - 1) + (1 - (-10 - -8))
5
What is the value of 0 + 14 + 123 + -131?
6
What is 4 - 2 - (1 - 2)?
3
Calculate -2 - ((-2 - 5) + -2).
7
14 - (12 + -3) - 1
4
Calculate -7 + 4 + 9 - (2 - 3).
7
Calculate (-5 - -1 - -11) + 1.
8
What is -4 + (11 - (-2 + 7)) + -8?
-6
Evaluate -2 - (-1 - 0) - -3.
2
(2 - 0) + -1 + 4 + -4
1
What is (2 - 4) + (3 - 12) + 2?
-9
What is -7 - ((5 - 8) + -3)?
-1
2 + (-12 - -2) + -6 + 6
-8
Calculate 11 + -10 + (0 - -1) - 6.
-4
What is -5 + 10 + -5 + 3 + 1?
4
-3 + (0 - 4) + (11 - 1)
3
7 + (6 - ((0 - -13) + -3))
3
What is 6 - (-6 + (2 - -4) - 1)?
7
Evaluate 8 + (7 - 10) - 5.
0
What is (2 - (0 + 0)) + -4?
-2
What is the value of -4 - (-10 + 14 - (-1 + 7))?
-2
What is the value of 7 + -8 + (-5 - -5)?
-1
(1 - 2) + 1 + -2 + 6
4
What is the value of 6 + -7 + -2 - (3 - -2)?
-8
(-1 - 1 - (0 + -3)) + 3
4
What is (0 - -5) + -2 + -4 + -1?
-2
What is 3 + -1 + 3 + (-3 - 0)?
2
1 - ((-6 - (4 + 0)) + 7)
4
What is the value of (23 - (3 - -15)) + 0 + -11?
-6
Evaluate 1 + (-3 - (-3 + 7 - 1)).
-5
Calculate -5 - (-15 - (-1 + 5 - 5)).
9
Calculate (-1 - -9) + -5 + 2 + -4.
1
What is -1 - 8 - (-3 - 8)?
2
What is -6 + 15 + -1 + -5?
3
Calculate 3 + -1 + 3 + -6.
-1
Calculate 1 + 2 + (1 + -2 - -3).
5
What is the value of (15 - (-4 - -11)) + -2?
6
What is the value of 8 - (1 + 1 + (1 - -1))?
4
What is -6 + (5 - -2) - -3?
4
What is the value of (1 - -1) + (-3 - -1 - 2)?
-2
What is the value of -7 + 10 + -2 + 0?
1
What is the value of -2 - (4 - (1 + 0))?
-5
What is (-6 - (1 + -1)) + -4 + 5?
-5
Evaluate (-3 + -9 - -10) + (6 - -2).
6
Calculate 0 + -1 + 0 + 0.
-1
What is (0 - (2 - 4)) + 0 - 0?
2
What is 1 - ((-1 - -1) + -3)?
4
Evaluate 2 + (0 - 9 - (-3 + -1)).
-3
1 + 0 + -8 + 5 + -3
-5
Calculate -3 - ((-5 - 1) + 3).
0
What is 19 + -16 + (-1 - -4)?
6
-7 + -6 + (-6 - -4) + 8
-7
What is (3 - (2 + 0 + -4)) + -3?
2
(6 - (2 + 3)) + -4 + 7
4
Calculate 3 + -2 + -3 + (1 - 1).
-2
(5 - 1) + -5 + -1
-2
Calculate 3 - -6 - (8 - 0).
1
Evaluate 5 - 0 - (0 + (8 - 4)).
1
Evaluate 3 - (9 + (-8 - 1)).
3
(2 - 0 - 5) + -1
-4
What is 9 - (-4 - (3 + -17))?
-1
-3 - (-1 - -1) - (-7 + 0)
4
What is the value of -3 - (-11 + -5) - 12?
1
What is the value of 34 + -37 + 9 + 0?
6
Evaluate (-8 - -16) + (0 - 18).
-10
What is the value of (-1 - 8 - -2) + (-17 - -23)?
-1
What is 8 + ((2 - 7) + 8 - 7)?
4
Calculate 6 + -7 + 4 + -6.
-3
What is 10 + -6 + (-7 - -2)?
-1
What is the value of 5 - (9 + (-4 - -5))?
-5
What is the value of (-3 - (-1 - -3)) + 7?
2
What is the value of 3 - 0 - (19 + -10)?
-6
What is the value of 3 - (6 - 8 - -4) - 4?
-3
Evaluate 6 + -3 + (-2 - (-3 + 1)).
3
1 + (0 + 1 - -2) + -3
1
-10 + 5 + -1 + 2 + 0
-4
What is 2 - 3 - (-4 - -10 - 2)?
-5
Evaluate -2 + -1 + 77 + -66.
8
What is 3 + 2 + -9 + (13 - 18)?
-9
What is 8 + -1 - ((2 - -6) + -5)?
4
What is 2 - (5 + -5 - -2 - 1)?
1
Calculate -8 + -1 + (20 - 14).
-3
What is the value of -8 + 9 + -4 + -2?
-5
6 + (5 - 19) - -14
6
Evaluate -1 + -3 - (-16 + -2 + 7).
7
What is (-1 - (1 + 2)) + 78 + -68?
6
3 + (2 - 4) + 2
3
Evaluate 2 + (3 - (4 - 1)).
2
Evaluate 9 + -4 + -2 + -2 + 0.
1
Calculate -4 - (-9 - 1 - (19 - 23)).
2
What is -3 - (-5 + 2 + -1 + -2)?
3
(2 - 1) + 7 + 1 + -4
5
What is 0 - (-3 + 8 - 0)?
-5
What is 2 - 5 - (3 - (9 + 1))?
4
What is (-4 - -5) + 4 + -4?
1
What is 15 + (-1 - 4) - 15?
-5
7 + 0 - (68 + -60)
-1
What is the value of (2 - (-2 + 5)) + (5 - 0)?
4
What is the value of 14 + -9 - (7 + -2 - -3)?
-3
What is the value of -10 - (-25 + 13) - -2?
4
-6 + (6 - 4 - -2 - 3)
-5
Evaluate 4 + 1 + -4 - 0.
1
Evaluate 4 + 2 - -3 - (16 + -2).
-5
Calculate -2 + (2 - -8) + (-2 - 2).
4
0 - 1 - (-4 + -6 + 6)
3
What is the value of (0 + 1 - -13) + -9?
5
Evaluate -9 - 10 - (-4 - 9).
-6
What is (6 - ((-4 - -1) + 8)) + 2?
3
-2 - ((2 - 1) + (0 - -3))
-6
Calculate 2 + (3 - (4 + -1)).
2
Evaluate -5 + 5 + (-15 - -6) + 10.
1
What is the value of -5 + -5 + 10 + -5?
-5
What is (-3 - 3 - (3 - 8)) + 5?
4
What is the value of 1 + 10 + (-11 - -4)?
4
What is the value of -1 - (6 + 1 + -13 + -2)?
7
-10 - (1 + -7) - (-3 - -3)
-4
Calculate (1 - -1) + -1 + 0 + 2.
3
Calculate 4 - (0 + 6) - 2.
-4
0 - -1 - (16 - 5)
-10
Calculate 4 + 2 + 0 + 19 + -25.
0
-8 + (0 - -5 - (17 - 18))
-2
What is (-1 - -3 - 0) + -5?
-3
Evaluate -12 - (0 + -12 + (4 - -3)).
-7
Calculate (7 - 2) + -5 + 1.
1
What is -1 - (-6 - -3) - (1 + -4)?
5
What is 32 + -37 + (2 - -1) + 3?
1
What is -2 + 5 + -3 + (-1 - 0)?
-1
Calculate -23 + (-1 - -11) + 19.
6
What is -5 + 13 + (2 + 2 - 5)?
7
What is 0 + -4 + 7 + 0 + -2?
1
6 + (1 - 4) - (9 - 2)
-4
What is 3 + -3 + (4 - 3)?
1
Calculate 8 - 0 - (11 - (-17 + 19)).
-1
What is 2 + -3 + 3 - (-2 + 0)?
4
Calculate 0 + (5 + -2 - 8).
-5
-5 - ((-4 - -2) + 3)
-6
Evaluate 3 + (3 - 0) + -8 - -7.
5
Calculate 2 - (1 + 3) - (5 - 4).
-3
What is the value of 0 - ((8 - 3) + -11 + 4)?
2
(-5 - -2) + -3 + 7
1
Calculate (-9 - 1) + (-65 - -83).
8
-1 - (5 + -8) - 2
0
What is the value of 15 + (-22 - 7) - (1 - 7)?
-8
-1 + 2 + 3 + 1
5
Calculate 4 - 1 - (-18 + (-24 - -35)).
10
Calculate 4 + -1 + -1 + (-2 - 2).
-2
Calculate (0 - 8) + (-3 - -8) + -1.
-4
What is (0 - 7) + (4 - 0 - 1)?
-4
-2 + 8 + -4 - 6
-4
Calculate -9 + (-9 + 4 + 0 - -10).
-4
Calculate (1 - 2) + 5 + (-16 - -11).
-1
Evaluate 5 - (6 + 1 + -3).
1
-4 + (-6 - -3) + -4 - -3
-8
Evaluate (-15 - -9) + 11 + -3.
2
Evaluate -1 - (-9 + 3 + (-6 - -10)).
1
-9 + (8 - 17 - -20)
2
Calculate -1 + -2 + 4 + -1 + -2.
-2
Calculate -4 + (2 - ((4 - 5) + -2)).
1
(-32 - -31) + (-2 - -1)
-2
(9 - 10) + (-2 - -1 - -1)
-1
-8 + (3 - (9 - 11))
-3
Calculate -2 + 2 + -3 - -5.
2
Evaluate (212 - 212) + (1 - 0).
1
What is the value of -2 - (4 - (1 - -10))?
5
(-20 - (-5 + 0)) + 10
-5
What is the value of -6 - 3 - (-6 + 1) - -3?
-1
Calculate -1 + 1 - 3 - (181 + -188).
4
Calculate 5 - ((-7 - -6) + 4).
2
What is 5 - ((2 - (4 + -3)) + 1)?
3
Calculate 12 - (17 + 1 + -7).
1
-9 + 2 + (0 + 7 - 4)
-4
What is (22 - 16) + (-6 - 7)?
-7
1 + (-11 + 14 - 0)
4
(1 - 0) + (104 - 110)
-5
What is -11 + 29 + -33 + 5 + 2?
-8
What is -4 + 7 - -3 - (5 - -3)?
-2
What is the value of 6 + -2 + 2 + -10 + 7?
3
Evaluate (3 - (-4 - -3)) + (0 - 3).
1
What is (-7 - -10 - -12) + -7?
8
What is (-2 - 1 - -4) + 0 + -5?
-4
What is the value of -2 - -6 - 1 - 1?
2
0 - 6 - (-7